4) in base 7?
-215
Convert -69 (base 12) to base 8.
-121
7b (base 16) to base 6
323
Convert 10110 (base 3) to base 8.
135
What is 3d (base 15) in base 2?
111010
What is -214 (base 5) in base 2?
-111011
What is -2 (base 14) in base 3?
-2
0 (base 8) to base 9
0
What is 10 (base 13) in base 9?
14
What is 3 (base 9) in base 15?
3
-5 (base 16) to base 2
-101
Convert -41 (base 5) to base 2.
-10101
-33 (base 9) to base 7
-42
Convert -8 (base 9) to base 7.
-11
What is -4 (base 14) in base 8?
-4
What is 11101 (base 2) in base 7?
41
What is 213 (base 6) in base 12?
69
-44 (base 14) to base 8
-74
What is 72 (base 13) in base 2?
1011101
Convert -54 (base 6) to base 14.
-26
What is -88 (base 13) in base 15?
-77
12 (base 4) to base 13
6
What is -10 (base 7) in base 12?
-7
What is c0 (base 13) in base 3?
12210
What is 212 (base 10) in base 9?
255
What is -2 (base 3) in base 4?
-2
What is 35 (base 11) in base 8?
46
What is 27 (base 10) in base 13?
21
-3 (base 10) to base 7
-3
Convert 202 (base 3) to base 6.
32
What is 135 (base 13) in base 3?
21220
Convert -14 (base 5) to base 14.
-9
Convert 152 (base 6) to base 3.
2112
0 (base 11) to base 10
0
What is -22 (base 16) in base 4?
-202
Convert 13 (base 6) to base 4.
21
41 (base 5) to base 9
23
What is 1002 (base 3) in base 10?
29
Convert -4d (base 15) to base 2.
-1001001
-9 (base 11) to base 16
-9
38 (base 9) to base 3
1022
What is 40 (base 8) in base 9?
35
Convert -67 (base 14) to base 3.
-10101
6 (base 13) to base 10
6
What is 110 (base 5) in base 4?
132
-2 (base 6) to base 10
-2
20 (base 11) to base 4
112
What is 4 (base 13) in base 10?
4
What is 1202 (base 4) in base 9?
118
79 (base 16) to base 15
81
Convert 2 (base 3) to base 7.
2
0 (base 16) to base 15
0
Convert -1 (base 2) to base 8.
-1
Convert -44 (base 7) to base 15.
-22
What is -4 (base 16) in base 10?
-4
-4 (base 14) to base 10
-4
74 (base 16) to base 8
164
-2 (base 9) to base 6
-2
Convert 23 (base 6) to base 7.
21
Convert 1440 (base 5) to base 6.
1045
Convert 3 (base 14) to base 9.
3
-12 (base 5) to base 13
-7
Convert 11 (base 5) to base 16.
6
5 (base 8) to base 2
101
Convert -48 (base 11) to base 4.
-310
5 (base 11) to base 6
5
Convert 34 (base 5) to base 11.
18
Convert -204 (base 5) to base 11.
-4a
Convert 57 (base 13) to base 4.
1020
Convert 20 (base 3) to base 10.
6
Convert 4 (base 5) to base 7.
4
4 (base 14) to base 9
4
Convert -15 (base 7) to base 2.
-1100
Convert -5 (base 15) to base 10.
-5
-1 (base 5) to base 8
-1
-1212 (base 4) to base 14
-74
What is -200 (base 3) in base 10?
-18
What is -2 (base 16) in base 4?
-2
What is -1012 (base 3) in base 10?
-32
Convert 3a (base 12) to base 15.
31
What is -2 (base 6) in base 3?
-2
Convert 3 (base 9) to base 2.
11
Convert 11 (base 6) to base 10.
7
Convert -32 (base 16) to base 8.
-62
Convert -10 (base 4) to base 5.
-4
Convert -64 (base 7) to base 9.
-51
41 (base 11) to base 10
45
What is 30 (base 7) in base 11?
1a
-1 (base 3) to base 6
-1
-43 (base 13) to base 14
-3d
What is 72 (base 14) in base 15?
6a
Convert 4 (base 14) to base 3.
11
Convert 350 (base 6) to base 10.
138
What is -122 (base 3) in base 12?
-15
What is 1143 (base 6) in base 9?
340
12 (base 5) to base 15
7
-55 (base 7) to base 8
-50
Convert 4 (base 14) to base 9.
4
What is 3 (base 7) in base 15?
3
Convert 15 (base 8) to base 4.
31
Convert 68 (base 13) to base 4.
1112
-5 (base 14) to base 7
-5
What is -38 (base 12) in base 5?
-134
What is -22 (base 4) in base 15?
-a
54 (base 7) to base 10
39
8e (base 16) to base 13
ac
What is 0 (base 5) in base 6?
0
Convert -18 (base 10) to base 3.
-200
2 (base 7) to base 9
2
21 (base 5) to base 11
10
110101 (base 2) to base 16
35
Convert -1f (base 16) to base 15.
-21
What is -111 (base 3) in base 8?
-15
2 (base 9) to base 5
2
Convert -a (base 13) to base 12.
-a
Convert 259 (base 11) to base 4.
10302
What is -3 (base 16) in base 4?
-3
Convert 31 (base 9) to base 13.
22
What is 10 (base 10) in base 3?
101
Convert -2 (base 16) to base 12.
-2
Convert 102 (base 5) to base 14.
1d
Convert -2112 (base 3) to base 15.
-48
0 (base 9) to base 16
0
0 (base 15) to base 16
0
What is 5 (base 13) in base 6?
5
What is -20 (base 6) in base 8?
-14
Convert -300 (base 5) to base 7.
-135
-40 (base 5) to base 3
-202
Convert -47 (base 13) to base 2.
-111011
-76 (base 15) to base 11
-a1
a (base 15) to base 11
a
Convert 0 (base 2) to base 10.
0
Convert -101000001 (base 2) to base 3.
-102220
-540 (base 7) to base 9
-333
Convert 1 (base 15) to base 9.
1
What is 81 (base 10) in base 6?
213
Convert 111101 (base 2) to base 5.
221
1 (base 5) to base 7
1
What is 50 (base 14) in base 10?
70
What is 1 (base 2) in base 9?
1
Convert e (base 16) to base 3.
112
Convert 4 (base 16) to base 12.
4
What is 22 (base 5) in base 10?
12
124 (base 10) to base 3
11121
Convert 7 (base 14) to base 2.
111
20 (base 3) to base 8
6
4 (base 6) to base 11
4
What is 1211 (base 3) in base 13?
3a
What is -23 (base 13) in base 10?
-29
What is 56 (base 13) in base 14?
51
Convert 15 (base 8) to base 6.
21
Convert 6 (base 15) to base 10.
6
Convert 2 (base 6) to base 2.
10
-81 (base 13) to base 11
-96
Convert 40 (base 16) to base 2.
1000000
10120 (base 3) to base 15
66
28 (base 12) to base 9
35
What is 0 (base 14) in base 3?
0
What is -c (base 16) in base 5?
-22
What is -36 (base 10) in base 16?
-24
Convert 0 (base 4) to base 3.
0
What is 4 (base 9) in base 4?
10
What is -1111 (base 2) in base 12?
-13
Convert -2 (base 15) to base 16.
-2
Convert 3 (base 9) to base 5.
3
What is 122 (base 4) in base 6?
42
-180 (base 10) to base 13
-10b
What is -6 (base 9) in base 6?
-10
What is -2 (base 9) in base 13?
-2
Convert 0 (base 13) to base 11.
0
Convert 2 (base 8) to base 6.
2
Convert 1a (base 13) to base 8.
27
What is -1021 (base 4) in base 8?
-111
10 (base 6) to base 8
6
What is -2b (base 14) in base 15?
-29
What is -21 (base 11) in base 16?
-17
2 (base 13) to base 5
2
Convert 39 (base 14) to base 15.
36
-14 (base 13) to base 15
-12
-3 (base 11) to base 8
-3
-1202 (base 3) to base 12
-3b
6 (base 13) to base 9
6
What is -3 (base 9) in base 10?
-3
Convert -12 (base 9) to base 4.
-23
12 (base 3) to base 15
5
Convert -2 (base 15) to base 12.
-2
214 (base 5) to base 10
59
Convert 1001 (base 3) to base 11.
26
Convert 70 (base 15) to base 10.
105
What is -30 (base 11) in base 7?
-45
What is 2 (base 10) in base 5?
2
12 (base 4) to base 7
6
Convert -3 (base 9) to base 11.
-3
3 (base 4) to base 13
3
Convert 3 (base 12) to base 15.
3
What is 101 (base 6) in base 7?
52
What is 0 (base 15) in base 4?
0
Convert -6 (base 12) to base 13.
-6
4c (base 13) to base 10
64
Convert -33 (base 4) to base 5.
-30
What is -120 (base 6) in base 12?
-40
What is 2 (base 15) in base 2?
10
What is -111 (base 4) in base 3?
-210
What is 451 (base 7) in base 11?
1a1
1020 (base 3) to base 4
201
What is 1 (base 11) in base 9?
1
What is -10000 (base 2) in base 9?
-17
Convert -14 (base 10) to base 12.
-12
Convert 5 (base 14) to base 12.
5
Convert 1222 (base 5) to base 6.
511
1 (base 15) to base 11
1
Convert -10 (base 3) to base 5.
-3
12 (base 5) to base 12
7
Convert 3 (base 8) to base 9.
3
2221 (base 4) to base 7
331
Convert -1d (base 15) to base 11.
-26
Convert -1 (base 15) to base 7.
-1
What is 3 (base 10) in base 11?
3
-133 (base 14) to base 7
-463
What is -8 (base 9) in base 4?
-20
Convert -150 (base 6) to base 4.
-1002
Convert 3 (base 13) to base 12.
3
What is 35 (base 14) in base 10?
47
-10020 (base 3) to base 15
-5c
Convert -10 (base 15) to base 5.
-30
Convert 0 (base 11) to base 12.
0
Convert -55 (base 6) to base 2.
-100011
What is 55 (base 7) in base 3?
1111
Convert -317 (base 10) to base 3.
-102202
14 (base 7) to base 10
11
What is -56 (base 9) in base 15?
-36
-13 (base 4) to base 16
-7
Convert 3 (base 4) to base 7.
3
16 (base 9) to base 8
17
32 (base 7) to base 13
1a
What is b (base 15) in base 8?
13
4 (base 7) to base 6
4
Convert 33 (base 11) to base 3.
1100
Convert -3 (base 9) to base 14.
-3
What is -101 (base 2) in base 12?
-5
Convert 122 (base 3) to base 5.
32
Convert 36 (base 8) to base 2.
11110
0 (base 13) to base 6
0
Convert -324 (base 7) to base 4.
-2211
Convert 205 (base 13) to base 11.
292
Convert 14 (base 5) to base 9.
10
What is 1 (base 12) in base 10?
1
11 (base 4) to base 2
101
Convert 165